{"id":8260,"date":"2026-09-04T14:45:51","date_gmt":"2026-09-04T12:45:51","guid":{"rendered":"https:\/\/villa-m.fr\/paris\/?post_type=agenda&#038;p=8260"},"modified":"2026-09-04T14:48:10","modified_gmt":"2026-09-04T12:48:10","slug":"les-pitchs-des-dialogues-de-la-sante-maladies-neurodegeneratives-reperer-les-signes-agir-au-bon-moment","status":"publish","type":"agenda","link":"https:\/\/villa-m.fr\/paris\/agenda\/les-pitchs-des-dialogues-de-la-sante-maladies-neurodegeneratives-reperer-les-signes-agir-au-bon-moment\/","title":{"rendered":"Les Pitchs des Dialogues de la Sant\u00e9 : Maladies neurod\u00e9g\u00e9n\u00e9ratives : rep\u00e9rer les signes, agir au bon moment"},"content":{"rendered":"","protected":false},"menu_order":1,"template":"tpl-layout-builder.php","meta":{"_acf_changed":false,"inline_featured_image":false,"_sitemap_exclude":false,"_sitemap_priority":"","_sitemap_frequency":"","footnotes":""},"type_agenda":[3],"class_list":["post-8260","agenda","type-agenda","status-publish","hentry","type_agenda-villa-m-paris"],"acf":[],"yoast_head":"<!-- This site is optimized with the Yoast SEO Premium plugin v26.6 (Yoast SEO v26.6) - https:\/\/yoast.com\/wordpress\/plugins\/seo\/ -->\n<title>Les maladies neurod\u00e9g\u00e9n\u00e9ratives - Les Pitchs DDLS - Villa M<\/title>\n<meta name=\"description\" content=\"Comment d\u00e9tecter les signes de troubles cognitifs et comportementaux pour agir\" \/>\n<meta name=\"robots\" content=\"index, follow, max-snippet:-1, max-image-preview:large, max-video-preview:-1\" \/>\n<link rel=\"canonical\" href=\"https:\/\/villa-m.fr\/paris\/agenda\/les-pitchs-des-dialogues-de-la-sante-maladies-neurodegeneratives-reperer-les-signes-agir-au-bon-moment\/\" \/>\n<meta property=\"og:locale\" content=\"fr_FR\" \/>\n<meta property=\"og:type\" content=\"article\" \/>\n<meta property=\"og:title\" content=\"Les Pitchs des Dialogues de la Sant\u00e9 : Maladies neurod\u00e9g\u00e9n\u00e9ratives : rep\u00e9rer les signes, agir au bon moment\" \/>\n<meta property=\"og:description\" content=\"Comment d\u00e9tecter les signes de troubles cognitifs et comportementaux pour agir\" \/>\n<meta property=\"og:url\" content=\"https:\/\/villa-m.fr\/paris\/agenda\/les-pitchs-des-dialogues-de-la-sante-maladies-neurodegeneratives-reperer-les-signes-agir-au-bon-moment\/\" \/>\n<meta property=\"og:site_name\" content=\"Villa M Paris\" \/>\n<meta property=\"article:modified_time\" content=\"2026-09-04T12:48:10+00:00\" \/>\n<meta name=\"twitter:card\" content=\"summary_large_image\" \/>\n<meta name=\"twitter:label1\" content=\"Dur\u00e9e de lecture estim\u00e9e\" \/>\n\t<meta name=\"twitter:data1\" content=\"4 minutes\" \/>\n<script type=\"application\/ld+json\" class=\"yoast-schema-graph\">{\"@context\":\"https:\/\/schema.org\",\"@graph\":[{\"@type\":\"WebPage\",\"@id\":\"https:\/\/villa-m.fr\/paris\/agenda\/les-pitchs-des-dialogues-de-la-sante-maladies-neurodegeneratives-reperer-les-signes-agir-au-bon-moment\/\",\"url\":\"https:\/\/villa-m.fr\/paris\/agenda\/les-pitchs-des-dialogues-de-la-sante-maladies-neurodegeneratives-reperer-les-signes-agir-au-bon-moment\/\",\"name\":\"Les maladies neurod\u00e9g\u00e9n\u00e9ratives - Les Pitchs DDLS - Villa M\",\"isPartOf\":{\"@id\":\"https:\/\/villa-m.fr\/paris\/#website\"},\"datePublished\":\"2026-09-04T12:45:51+00:00\",\"dateModified\":\"2026-09-04T12:48:10+00:00\",\"description\":\"Comment d\u00e9tecter les signes de troubles cognitifs et comportementaux pour agir\",\"breadcrumb\":{\"@id\":\"https:\/\/villa-m.fr\/paris\/agenda\/les-pitchs-des-dialogues-de-la-sante-maladies-neurodegeneratives-reperer-les-signes-agir-au-bon-moment\/#breadcrumb\"},\"inLanguage\":\"fr-FR\",\"potentialAction\":[{\"@type\":\"ReadAction\",\"target\":[\"https:\/\/villa-m.fr\/paris\/agenda\/les-pitchs-des-dialogues-de-la-sante-maladies-neurodegeneratives-reperer-les-signes-agir-au-bon-moment\/\"]}]},{\"@type\":\"BreadcrumbList\",\"@id\":\"https:\/\/villa-m.fr\/paris\/agenda\/les-pitchs-des-dialogues-de-la-sante-maladies-neurodegeneratives-reperer-les-signes-agir-au-bon-moment\/#breadcrumb\",\"itemListElement\":[{\"@type\":\"ListItem\",\"position\":1,\"name\":\"Accueil\",\"item\":\"https:\/\/villa-m.fr\/paris\/\"},{\"@type\":\"ListItem\",\"position\":2,\"name\":\"Les Pitchs des Dialogues de la Sant\u00e9 : Maladies neurod\u00e9g\u00e9n\u00e9ratives : rep\u00e9rer les signes, agir au bon moment\"}]},{\"@type\":\"WebSite\",\"@id\":\"https:\/\/villa-m.fr\/paris\/#website\",\"url\":\"https:\/\/villa-m.fr\/paris\/\",\"name\":\"Villa M Paris\",\"description\":\"\",\"potentialAction\":[{\"@type\":\"SearchAction\",\"target\":{\"@type\":\"EntryPoint\",\"urlTemplate\":\"https:\/\/villa-m.fr\/paris\/?s={search_term_string}\"},\"query-input\":{\"@type\":\"PropertyValueSpecification\",\"valueRequired\":true,\"valueName\":\"search_term_string\"}}],\"inLanguage\":\"fr-FR\"}]}<\/script>\n<!-- \/ Yoast SEO Premium plugin. -->","yoast_head_json":{"title":"Les maladies neurod\u00e9g\u00e9n\u00e9ratives - Les Pitchs DDLS - Villa M","description":"Comment d\u00e9tecter les signes de troubles cognitifs et comportementaux pour agir","robots":{"index":"index","follow":"follow","max-snippet":"max-snippet:-1","max-image-preview":"max-image-preview:large","max-video-preview":"max-video-preview:-1"},"canonical":"https:\/\/villa-m.fr\/paris\/agenda\/les-pitchs-des-dialogues-de-la-sante-maladies-neurodegeneratives-reperer-les-signes-agir-au-bon-moment\/","og_locale":"fr_FR","og_type":"article","og_title":"Les Pitchs des Dialogues de la Sant\u00e9 : Maladies neurod\u00e9g\u00e9n\u00e9ratives : rep\u00e9rer les signes, agir au bon moment","og_description":"Comment d\u00e9tecter les signes de troubles cognitifs et comportementaux pour agir","og_url":"https:\/\/villa-m.fr\/paris\/agenda\/les-pitchs-des-dialogues-de-la-sante-maladies-neurodegeneratives-reperer-les-signes-agir-au-bon-moment\/","og_site_name":"Villa M Paris","article_modified_time":"2026-09-04T12:48:10+00:00","twitter_card":"summary_large_image","twitter_misc":{"Dur\u00e9e de lecture estim\u00e9e":"4 minutes"},"schema":{"@context":"https:\/\/schema.org","@graph":[{"@type":"WebPage","@id":"https:\/\/villa-m.fr\/paris\/agenda\/les-pitchs-des-dialogues-de-la-sante-maladies-neurodegeneratives-reperer-les-signes-agir-au-bon-moment\/","url":"https:\/\/villa-m.fr\/paris\/agenda\/les-pitchs-des-dialogues-de-la-sante-maladies-neurodegeneratives-reperer-les-signes-agir-au-bon-moment\/","name":"Les maladies neurod\u00e9g\u00e9n\u00e9ratives - Les Pitchs DDLS - Villa M","isPartOf":{"@id":"https:\/\/villa-m.fr\/paris\/#website"},"datePublished":"2026-09-04T12:45:51+00:00","dateModified":"2026-09-04T12:48:10+00:00","description":"Comment d\u00e9tecter les signes de troubles cognitifs et comportementaux pour agir","breadcrumb":{"@id":"https:\/\/villa-m.fr\/paris\/agenda\/les-pitchs-des-dialogues-de-la-sante-maladies-neurodegeneratives-reperer-les-signes-agir-au-bon-moment\/#breadcrumb"},"inLanguage":"fr-FR","potentialAction":[{"@type":"ReadAction","target":["https:\/\/villa-m.fr\/paris\/agenda\/les-pitchs-des-dialogues-de-la-sante-maladies-neurodegeneratives-reperer-les-signes-agir-au-bon-moment\/"]}]},{"@type":"BreadcrumbList","@id":"https:\/\/villa-m.fr\/paris\/agenda\/les-pitchs-des-dialogues-de-la-sante-maladies-neurodegeneratives-reperer-les-signes-agir-au-bon-moment\/#breadcrumb","itemListElement":[{"@type":"ListItem","position":1,"name":"Accueil","item":"https:\/\/villa-m.fr\/paris\/"},{"@type":"ListItem","position":2,"name":"Les Pitchs des Dialogues de la Sant\u00e9 : Maladies neurod\u00e9g\u00e9n\u00e9ratives : rep\u00e9rer les signes, agir au bon moment"}]},{"@type":"WebSite","@id":"https:\/\/villa-m.fr\/paris\/#website","url":"https:\/\/villa-m.fr\/paris\/","name":"Villa M Paris","description":"","potentialAction":[{"@type":"SearchAction","target":{"@type":"EntryPoint","urlTemplate":"https:\/\/villa-m.fr\/paris\/?s={search_term_string}"},"query-input":{"@type":"PropertyValueSpecification","valueRequired":true,"valueName":"search_term_string"}}],"inLanguage":"fr-FR"}]}},"_links":{"self":[{"href":"https:\/\/villa-m.fr\/paris\/wp-json\/wp\/v2\/agenda\/8260","targetHints":{"allow":["GET"]}}],"collection":[{"href":"https:\/\/villa-m.fr\/paris\/wp-json\/wp\/v2\/agenda"}],"about":[{"href":"https:\/\/villa-m.fr\/paris\/wp-json\/wp\/v2\/types\/agenda"}],"version-history":[{"count":6,"href":"https:\/\/villa-m.fr\/paris\/wp-json\/wp\/v2\/agenda\/8260\/revisions"}],"predecessor-version":[{"id":8269,"href":"https:\/\/villa-m.fr\/paris\/wp-json\/wp\/v2\/agenda\/8260\/revisions\/8269"}],"wp:attachment":[{"href":"https:\/\/villa-m.fr\/paris\/wp-json\/wp\/v2\/media?parent=8260"}],"wp:term":[{"taxonomy":"type_agenda","embeddable":true,"href":"https:\/\/villa-m.fr\/paris\/wp-json\/wp\/v2\/type_agenda?post=8260"}],"curies":[{"name":"wp","href":"https:\/\/api.w.org\/{rel}","templated":true}]}}

Les Pitchs des Dialogues de la Santé : Maladies neurodégénératives : repérer les signes, agir au bon moment

<!-- This site is optimized with the Yoast SEO Premium plugin v26.6 (Yoast SEO v26.6) - https://yoast.com/wordpress/plugins/seo/ -->
<title>Les maladies neurodégénératives - Les Pitchs DDLS - Villa M</title>
<meta name="description" content="Comment détecter les signes de troubles cognitifs et comportementaux pour agir" />
<meta name="robots" content="index, follow, max-snippet:-1, max-image-preview:large, max-video-preview:-1" />
<link rel="canonical" href="https://villa-m.fr/paris/agenda/les-pitchs-des-dialogues-de-la-sante-maladies-neurodegeneratives-reperer-les-signes-agir-au-bon-moment/" />
<meta property="og:locale" content="fr_FR" />
<meta property="og:type" content="article" />
<meta property="og:title" content="Les Pitchs des Dialogues de la Santé : Maladies neurodégénératives : repérer les signes, agir au bon moment" />
<meta property="og:description" content="Comment détecter les signes de troubles cognitifs et comportementaux pour agir" />
<meta property="og:url" content="https://villa-m.fr/paris/agenda/les-pitchs-des-dialogues-de-la-sante-maladies-neurodegeneratives-reperer-les-signes-agir-au-bon-moment/" />
<meta property="og:site_name" content="Villa M Paris" />
<meta property="article:modified_time" content="2026-09-04T12:48:10+00:00" />
<meta name="twitter:card" content="summary_large_image" />
<meta name="twitter:label1" content="Durée de lecture estimée" />
	<meta name="twitter:data1" content="4 minutes" />
<script type="application/ld+json" class="yoast-schema-graph">{"@context":"https://schema.org","@graph":[{"@type":"WebPage","@id":"https://villa-m.fr/paris/agenda/les-pitchs-des-dialogues-de-la-sante-maladies-neurodegeneratives-reperer-les-signes-agir-au-bon-moment/","url":"https://villa-m.fr/paris/agenda/les-pitchs-des-dialogues-de-la-sante-maladies-neurodegeneratives-reperer-les-signes-agir-au-bon-moment/","name":"Les maladies neurodégénératives - Les Pitchs DDLS - Villa M","isPartOf":{"@id":"https://villa-m.fr/paris/#website"},"datePublished":"2026-09-04T12:45:51+00:00","dateModified":"2026-09-04T12:48:10+00:00","description":"Comment détecter les signes de troubles cognitifs et comportementaux pour agir","breadcrumb":{"@id":"https://villa-m.fr/paris/agenda/les-pitchs-des-dialogues-de-la-sante-maladies-neurodegeneratives-reperer-les-signes-agir-au-bon-moment/#breadcrumb"},"inLanguage":"fr-FR","potentialAction":[{"@type":"ReadAction","target":["https://villa-m.fr/paris/agenda/les-pitchs-des-dialogues-de-la-sante-maladies-neurodegeneratives-reperer-les-signes-agir-au-bon-moment/"]}]},{"@type":"BreadcrumbList","@id":"https://villa-m.fr/paris/agenda/les-pitchs-des-dialogues-de-la-sante-maladies-neurodegeneratives-reperer-les-signes-agir-au-bon-moment/#breadcrumb","itemListElement":[{"@type":"ListItem","position":1,"name":"Accueil","item":"https://villa-m.fr/paris/"},{"@type":"ListItem","position":2,"name":"Les Pitchs des Dialogues de la Santé : Maladies neurodégénératives : repérer les signes, agir au bon moment"}]},{"@type":"WebSite","@id":"https://villa-m.fr/paris/#website","url":"https://villa-m.fr/paris/","name":"Villa M Paris","description":"","potentialAction":[{"@type":"SearchAction","target":{"@type":"EntryPoint","urlTemplate":"https://villa-m.fr/paris/?s={search_term_string}"},"query-input":{"@type":"PropertyValueSpecification","valueRequired":true,"valueName":"search_term_string"}}],"inLanguage":"fr-FR"}]}</script>
<!-- / Yoast SEO Premium plugin. -->

Les maladies neurodégénératives - Les Pitchs DDLS - Villa M

Comment détecter les signes de troubles cognitifs et comportementaux pour agir
