{"id":8034,"date":"2026-03-03T14:14:14","date_gmt":"2026-03-03T13:14:14","guid":{"rendered":"https:\/\/villa-m.fr\/paris\/?post_type=agenda&#038;p=8034"},"modified":"2026-04-01T16:26:07","modified_gmt":"2026-04-01T14:26:07","slug":"bien-vieillir-medecine-demeler-utile-futile-les-pitchs-des-dialogues-de-la-sante-villa-m","status":"publish","type":"agenda","link":"https:\/\/villa-m.fr\/paris\/agenda\/bien-vieillir-medecine-demeler-utile-futile-les-pitchs-des-dialogues-de-la-sante-villa-m\/","title":{"rendered":"Bien vieillir et m\u00e9decine : d\u00e9m\u00ealer l&rsquo;utile du futile &#8211; Les Pitchs des Dialogues de la Sant\u00e9 &#8211; Villa M"},"content":{"rendered":"","protected":false},"menu_order":1,"template":"tpl-layout-builder.php","meta":{"_acf_changed":false,"inline_featured_image":false,"_sitemap_exclude":false,"_sitemap_priority":"","_sitemap_frequency":"","footnotes":""},"type_agenda":[3],"class_list":["post-8034","agenda","type-agenda","status-publish","hentry","type_agenda-villa-m-paris"],"acf":[],"yoast_head":"<!-- This site is optimized with the Yoast SEO Premium plugin v26.6 (Yoast SEO v26.6) - https:\/\/yoast.com\/wordpress\/plugins\/seo\/ -->\n<title>Bien vieillir et m\u00e9decine - Les Pitchs DDLS - Villa M<\/title>\n<meta name=\"description\" content=\"Bien vieillir en d\u00e9m\u00ealant l&#039;utile du futile. Conf\u00e9rence avec le Dr Bouaziz, le Dr Pourcher, ouverte \u00e0 tous. Villa M Paris, 16 avril 2026.\" \/>\n<meta name=\"robots\" content=\"index, follow, max-snippet:-1, max-image-preview:large, max-video-preview:-1\" \/>\n<link rel=\"canonical\" href=\"https:\/\/villa-m.fr\/paris\/agenda\/bien-vieillir-medecine-demeler-utile-futile-les-pitchs-des-dialogues-de-la-sante-villa-m\/\" \/>\n<meta property=\"og:locale\" content=\"fr_FR\" \/>\n<meta property=\"og:type\" content=\"article\" \/>\n<meta property=\"og:title\" content=\"Bien vieillir et m\u00e9decine : d\u00e9m\u00ealer l&#039;utile du futile - Les Pitchs des Dialogues de la Sant\u00e9 - Villa M\" \/>\n<meta property=\"og:description\" content=\"Bien vieillir en d\u00e9m\u00ealant l&#039;utile du futile. Conf\u00e9rence avec le Dr Bouaziz, le Dr Pourcher, ouverte \u00e0 tous. Villa M Paris, 16 avril 2026.\" \/>\n<meta property=\"og:url\" content=\"https:\/\/villa-m.fr\/paris\/agenda\/bien-vieillir-medecine-demeler-utile-futile-les-pitchs-des-dialogues-de-la-sante-villa-m\/\" \/>\n<meta property=\"og:site_name\" content=\"Villa M Paris\" \/>\n<meta property=\"article:modified_time\" content=\"2026-04-01T14:26:07+00:00\" \/>\n<meta name=\"twitter:card\" content=\"summary_large_image\" \/>\n<meta name=\"twitter:label1\" content=\"Dur\u00e9e de lecture estim\u00e9e\" \/>\n\t<meta name=\"twitter:data1\" content=\"4 minutes\" \/>\n<script type=\"application\/ld+json\" class=\"yoast-schema-graph\">{\"@context\":\"https:\/\/schema.org\",\"@graph\":[{\"@type\":\"WebPage\",\"@id\":\"https:\/\/villa-m.fr\/paris\/agenda\/bien-vieillir-medecine-demeler-utile-futile-les-pitchs-des-dialogues-de-la-sante-villa-m\/\",\"url\":\"https:\/\/villa-m.fr\/paris\/agenda\/bien-vieillir-medecine-demeler-utile-futile-les-pitchs-des-dialogues-de-la-sante-villa-m\/\",\"name\":\"Bien vieillir et m\u00e9decine - Les Pitchs DDLS - Villa M\",\"isPartOf\":{\"@id\":\"https:\/\/villa-m.fr\/paris\/#website\"},\"datePublished\":\"2026-03-03T13:14:14+00:00\",\"dateModified\":\"2026-04-01T14:26:07+00:00\",\"description\":\"Bien vieillir en d\u00e9m\u00ealant l'utile du futile. Conf\u00e9rence avec le Dr Bouaziz, le Dr Pourcher, ouverte \u00e0 tous. Villa M Paris, 16 avril 2026.\",\"breadcrumb\":{\"@id\":\"https:\/\/villa-m.fr\/paris\/agenda\/bien-vieillir-medecine-demeler-utile-futile-les-pitchs-des-dialogues-de-la-sante-villa-m\/#breadcrumb\"},\"inLanguage\":\"fr-FR\",\"potentialAction\":[{\"@type\":\"ReadAction\",\"target\":[\"https:\/\/villa-m.fr\/paris\/agenda\/bien-vieillir-medecine-demeler-utile-futile-les-pitchs-des-dialogues-de-la-sante-villa-m\/\"]}]},{\"@type\":\"BreadcrumbList\",\"@id\":\"https:\/\/villa-m.fr\/paris\/agenda\/bien-vieillir-medecine-demeler-utile-futile-les-pitchs-des-dialogues-de-la-sante-villa-m\/#breadcrumb\",\"itemListElement\":[{\"@type\":\"ListItem\",\"position\":1,\"name\":\"Accueil\",\"item\":\"https:\/\/villa-m.fr\/paris\/\"},{\"@type\":\"ListItem\",\"position\":2,\"name\":\"Bien vieillir et m\u00e9decine : d\u00e9m\u00ealer l&rsquo;utile du futile &#8211; Les Pitchs des Dialogues de la Sant\u00e9 &#8211; Villa M\"}]},{\"@type\":\"WebSite\",\"@id\":\"https:\/\/villa-m.fr\/paris\/#website\",\"url\":\"https:\/\/villa-m.fr\/paris\/\",\"name\":\"Villa M Paris\",\"description\":\"\",\"potentialAction\":[{\"@type\":\"SearchAction\",\"target\":{\"@type\":\"EntryPoint\",\"urlTemplate\":\"https:\/\/villa-m.fr\/paris\/?s={search_term_string}\"},\"query-input\":{\"@type\":\"PropertyValueSpecification\",\"valueRequired\":true,\"valueName\":\"search_term_string\"}}],\"inLanguage\":\"fr-FR\"}]}<\/script>\n<!-- \/ Yoast SEO Premium plugin. -->","yoast_head_json":{"title":"Bien vieillir et m\u00e9decine - Les Pitchs DDLS - Villa M","description":"Bien vieillir en d\u00e9m\u00ealant l'utile du futile. Conf\u00e9rence avec le Dr Bouaziz, le Dr Pourcher, ouverte \u00e0 tous. Villa M Paris, 16 avril 2026.","robots":{"index":"index","follow":"follow","max-snippet":"max-snippet:-1","max-image-preview":"max-image-preview:large","max-video-preview":"max-video-preview:-1"},"canonical":"https:\/\/villa-m.fr\/paris\/agenda\/bien-vieillir-medecine-demeler-utile-futile-les-pitchs-des-dialogues-de-la-sante-villa-m\/","og_locale":"fr_FR","og_type":"article","og_title":"Bien vieillir et m\u00e9decine : d\u00e9m\u00ealer l'utile du futile - Les Pitchs des Dialogues de la Sant\u00e9 - Villa M","og_description":"Bien vieillir en d\u00e9m\u00ealant l'utile du futile. Conf\u00e9rence avec le Dr Bouaziz, le Dr Pourcher, ouverte \u00e0 tous. Villa M Paris, 16 avril 2026.","og_url":"https:\/\/villa-m.fr\/paris\/agenda\/bien-vieillir-medecine-demeler-utile-futile-les-pitchs-des-dialogues-de-la-sante-villa-m\/","og_site_name":"Villa M Paris","article_modified_time":"2026-04-01T14:26:07+00:00","twitter_card":"summary_large_image","twitter_misc":{"Dur\u00e9e de lecture estim\u00e9e":"4 minutes"},"schema":{"@context":"https:\/\/schema.org","@graph":[{"@type":"WebPage","@id":"https:\/\/villa-m.fr\/paris\/agenda\/bien-vieillir-medecine-demeler-utile-futile-les-pitchs-des-dialogues-de-la-sante-villa-m\/","url":"https:\/\/villa-m.fr\/paris\/agenda\/bien-vieillir-medecine-demeler-utile-futile-les-pitchs-des-dialogues-de-la-sante-villa-m\/","name":"Bien vieillir et m\u00e9decine - Les Pitchs DDLS - Villa M","isPartOf":{"@id":"https:\/\/villa-m.fr\/paris\/#website"},"datePublished":"2026-03-03T13:14:14+00:00","dateModified":"2026-04-01T14:26:07+00:00","description":"Bien vieillir en d\u00e9m\u00ealant l'utile du futile. Conf\u00e9rence avec le Dr Bouaziz, le Dr Pourcher, ouverte \u00e0 tous. Villa M Paris, 16 avril 2026.","breadcrumb":{"@id":"https:\/\/villa-m.fr\/paris\/agenda\/bien-vieillir-medecine-demeler-utile-futile-les-pitchs-des-dialogues-de-la-sante-villa-m\/#breadcrumb"},"inLanguage":"fr-FR","potentialAction":[{"@type":"ReadAction","target":["https:\/\/villa-m.fr\/paris\/agenda\/bien-vieillir-medecine-demeler-utile-futile-les-pitchs-des-dialogues-de-la-sante-villa-m\/"]}]},{"@type":"BreadcrumbList","@id":"https:\/\/villa-m.fr\/paris\/agenda\/bien-vieillir-medecine-demeler-utile-futile-les-pitchs-des-dialogues-de-la-sante-villa-m\/#breadcrumb","itemListElement":[{"@type":"ListItem","position":1,"name":"Accueil","item":"https:\/\/villa-m.fr\/paris\/"},{"@type":"ListItem","position":2,"name":"Bien vieillir et m\u00e9decine : d\u00e9m\u00ealer l&rsquo;utile du futile &#8211; Les Pitchs des Dialogues de la Sant\u00e9 &#8211; Villa M"}]},{"@type":"WebSite","@id":"https:\/\/villa-m.fr\/paris\/#website","url":"https:\/\/villa-m.fr\/paris\/","name":"Villa M Paris","description":"","potentialAction":[{"@type":"SearchAction","target":{"@type":"EntryPoint","urlTemplate":"https:\/\/villa-m.fr\/paris\/?s={search_term_string}"},"query-input":{"@type":"PropertyValueSpecification","valueRequired":true,"valueName":"search_term_string"}}],"inLanguage":"fr-FR"}]}},"_links":{"self":[{"href":"https:\/\/villa-m.fr\/paris\/wp-json\/wp\/v2\/agenda\/8034","targetHints":{"allow":["GET"]}}],"collection":[{"href":"https:\/\/villa-m.fr\/paris\/wp-json\/wp\/v2\/agenda"}],"about":[{"href":"https:\/\/villa-m.fr\/paris\/wp-json\/wp\/v2\/types\/agenda"}],"version-history":[{"count":10,"href":"https:\/\/villa-m.fr\/paris\/wp-json\/wp\/v2\/agenda\/8034\/revisions"}],"predecessor-version":[{"id":8040,"href":"https:\/\/villa-m.fr\/paris\/wp-json\/wp\/v2\/agenda\/8034\/revisions\/8040"}],"wp:attachment":[{"href":"https:\/\/villa-m.fr\/paris\/wp-json\/wp\/v2\/media?parent=8034"}],"wp:term":[{"taxonomy":"type_agenda","embeddable":true,"href":"https:\/\/villa-m.fr\/paris\/wp-json\/wp\/v2\/type_agenda?post=8034"}],"curies":[{"name":"wp","href":"https:\/\/api.w.org\/{rel}","templated":true}]}}

Bien vieillir et médecine : démêler l&rsquo;utile du futile &#8211; Les Pitchs des Dialogues de la Santé &#8211; Villa M

<!-- This site is optimized with the Yoast SEO Premium plugin v26.6 (Yoast SEO v26.6) - https://yoast.com/wordpress/plugins/seo/ -->
<title>Bien vieillir et médecine - Les Pitchs DDLS - Villa M</title>
<meta name="description" content="Bien vieillir en démêlant l&#039;utile du futile. Conférence avec le Dr Bouaziz, le Dr Pourcher, ouverte à tous. Villa M Paris, 16 avril 2026." />
<meta name="robots" content="index, follow, max-snippet:-1, max-image-preview:large, max-video-preview:-1" />
<link rel="canonical" href="https://villa-m.fr/paris/agenda/bien-vieillir-medecine-demeler-utile-futile-les-pitchs-des-dialogues-de-la-sante-villa-m/" />
<meta property="og:locale" content="fr_FR" />
<meta property="og:type" content="article" />
<meta property="og:title" content="Bien vieillir et médecine : démêler l&#039;utile du futile - Les Pitchs des Dialogues de la Santé - Villa M" />
<meta property="og:description" content="Bien vieillir en démêlant l&#039;utile du futile. Conférence avec le Dr Bouaziz, le Dr Pourcher, ouverte à tous. Villa M Paris, 16 avril 2026." />
<meta property="og:url" content="https://villa-m.fr/paris/agenda/bien-vieillir-medecine-demeler-utile-futile-les-pitchs-des-dialogues-de-la-sante-villa-m/" />
<meta property="og:site_name" content="Villa M Paris" />
<meta property="article:modified_time" content="2026-04-01T14:26:07+00:00" />
<meta name="twitter:card" content="summary_large_image" />
<meta name="twitter:label1" content="Durée de lecture estimée" />
	<meta name="twitter:data1" content="4 minutes" />
<script type="application/ld+json" class="yoast-schema-graph">{"@context":"https://schema.org","@graph":[{"@type":"WebPage","@id":"https://villa-m.fr/paris/agenda/bien-vieillir-medecine-demeler-utile-futile-les-pitchs-des-dialogues-de-la-sante-villa-m/","url":"https://villa-m.fr/paris/agenda/bien-vieillir-medecine-demeler-utile-futile-les-pitchs-des-dialogues-de-la-sante-villa-m/","name":"Bien vieillir et médecine - Les Pitchs DDLS - Villa M","isPartOf":{"@id":"https://villa-m.fr/paris/#website"},"datePublished":"2026-03-03T13:14:14+00:00","dateModified":"2026-04-01T14:26:07+00:00","description":"Bien vieillir en démêlant l'utile du futile. Conférence avec le Dr Bouaziz, le Dr Pourcher, ouverte à tous. Villa M Paris, 16 avril 2026.","breadcrumb":{"@id":"https://villa-m.fr/paris/agenda/bien-vieillir-medecine-demeler-utile-futile-les-pitchs-des-dialogues-de-la-sante-villa-m/#breadcrumb"},"inLanguage":"fr-FR","potentialAction":[{"@type":"ReadAction","target":["https://villa-m.fr/paris/agenda/bien-vieillir-medecine-demeler-utile-futile-les-pitchs-des-dialogues-de-la-sante-villa-m/"]}]},{"@type":"BreadcrumbList","@id":"https://villa-m.fr/paris/agenda/bien-vieillir-medecine-demeler-utile-futile-les-pitchs-des-dialogues-de-la-sante-villa-m/#breadcrumb","itemListElement":[{"@type":"ListItem","position":1,"name":"Accueil","item":"https://villa-m.fr/paris/"},{"@type":"ListItem","position":2,"name":"Bien vieillir et médecine : démêler l&rsquo;utile du futile &#8211; Les Pitchs des Dialogues de la Santé &#8211; Villa M"}]},{"@type":"WebSite","@id":"https://villa-m.fr/paris/#website","url":"https://villa-m.fr/paris/","name":"Villa M Paris","description":"","potentialAction":[{"@type":"SearchAction","target":{"@type":"EntryPoint","urlTemplate":"https://villa-m.fr/paris/?s={search_term_string}"},"query-input":{"@type":"PropertyValueSpecification","valueRequired":true,"valueName":"search_term_string"}}],"inLanguage":"fr-FR"}]}</script>
<!-- / Yoast SEO Premium plugin. -->

Bien vieillir et médecine - Les Pitchs DDLS - Villa M

Bien vieillir en démêlant l'utile du futile. Conférence avec le Dr Bouaziz, le Dr Pourcher, ouverte à tous. Villa M Paris, 16 avril 2026.

Bien vieillir et médecine : démêler l'utile du futile - Les Pitchs des Dialogues de la Santé - Villa M
